common factor of 518 and 1007362?
74
What is the highest common divisor of 4534389683 and 83?
83
What is the highest common divisor of 4000 and 96247200?
800
What is the highest common factor of 7951198 and 6?
2
Calculate the greatest common factor of 37749 and 4.
1
Calculate the greatest common factor of 14413 and 117505.
71
What is the greatest common factor of 126476234 and 2230?
446
Calculate the greatest common factor of 12 and 4836948.
12
What is the greatest common divisor of 35200984 and 112?
56
Calculate the highest common divisor of 126 and 156159774.
18
Calculate the greatest common factor of 68012 and 149352.
196
What is the greatest common factor of 140731594 and 38?
38
Calculate the highest common factor of 10931362 and 593.
593
Calculate the greatest common divisor of 81605 and 89148.
19
What is the greatest common divisor of 6382903 and 6436?
1609
Calculate the highest common factor of 25109784 and 40446.
378
Calculate the highest common factor of 19800 and 2127400.
2200
What is the greatest common divisor of 1247558 and 10478?
338
What is the greatest common factor of 39 and 294086?
13
Calculate the greatest common factor of 576657 and 111.
3
What is the greatest common factor of 1254784846 and 14?
14
Calculate the greatest common divisor of 9175692 and 132.
12
What is the highest common factor of 129211252 and 296?
148
What is the highest common factor of 22 and 3134923?
11
Calculate the highest common divisor of 11063720 and 480.
40
Calculate the greatest common divisor of 69631896 and 96.
24
What is the highest common factor of 55566 and 603774?
162
What is the greatest common divisor of 2113911 and 9558?
1593
What is the greatest common factor of 91 and 6239737?
7
Calculate the highest common factor of 262376 and 992.
8
Calculate the greatest common divisor of 375 and 2816205.
15
What is the highest common factor of 124649203 and 4207?
4207
Calculate the greatest common factor of 13246 and 3341572.
358
Calculate the highest common factor of 5438472 and 260.
52
Calculate the greatest common divisor of 3012624 and 112.
16
What is the greatest common divisor of 2793710 and 61855?
445
What is the greatest common divisor of 6 and 1366628610?
6
What is the greatest common divisor of 194134 and 79326?
226
Calculate the greatest common factor of 50 and 48869225.
25
Calculate the greatest common divisor of 16 and 4061784.
8
What is the highest common factor of 69886 and 54838618?
842
What is the greatest common factor of 14388467 and 4208?
263
Calculate the highest common divisor of 3120 and 504720.
240
What is the greatest common factor of 4410 and 3224690?
490
Calculate the greatest common factor of 40959 and 2335662.
999
Calculate the highest common divisor of 84110 and 89247180.
6470
Calculate the greatest common factor of 640 and 24469504.
128
Calculate the highest common divisor of 17723041 and 2060317.
10787
What is the highest common factor of 6539752 and 8380?
1676
What is the highest common factor of 424273266 and 5157?
1719
What is the highest common factor of 1720 and 3615224?
8
What is the greatest common factor of 9691 and 2686169?
881
What is the greatest common factor of 311294 and 746320?
982
Calculate the greatest common divisor of 512090370 and 450.
90
What is the highest common factor of 673510 and 17196?
2866
Calculate the greatest common factor of 2695 and 2740472.
49
Calculate the greatest common divisor of 4094789 and 146.
73
Calculate the highest common factor of 9325902 and 92.
46
What is the highest common factor of 4858954 and 3337?
47
Calculate the greatest common factor of 16298337 and 5192.
649
What is the greatest common factor of 28366 and 1257923?
1091
What is the greatest common factor of 28289544 and 205332?
2892
What is the highest common divisor of 14864452 and 66616?
3028
Calculate the highest common factor of 18402 and 75.
3
What is the highest common factor of 513876 and 1598?
34
What is the highest common divisor of 56088009 and 963?
963
What is the highest common factor of 174 and 225513?
3
Calculate the greatest common factor of 41444 and 23231.
13
Calculate the highest common factor of 6341 and 6170166.
373
Calculate the highest common divisor of 3510518 and 57926.
22
Calculate the greatest common divisor of 32 and 6285548.
4
Calculate the highest common factor of 1265054 and 56.
14
Calculate the highest common divisor of 18 and 596028771.
9
What is the highest common factor of 12636 and 63908?
52
What is the greatest common factor of 8856 and 125678448?
2952
What is the highest common factor of 3 and 15634932?
3
Calculate the highest common divisor of 1792764 and 26676.
684
Calculate the greatest common factor of 129357 and 184761.
81
Calculate the greatest common divisor of 4718 and 16936272.
674
What is the greatest common factor of 106836552 and 144?
72
Calculate the greatest common divisor of 2540 and 83787869.
127
What is the greatest common factor of 53545218 and 71?
71
Calculate the greatest common factor of 1043307442 and 323.
323
Calculate the highest common divisor of 1997 and 1131262557.
1997
What is the highest common divisor of 2355 and 7727226?
471
What is the highest common divisor of 4247 and 4607747?
31
Calculate the greatest common divisor of 1071680 and 4416.
64
Calculate the greatest common factor of 85214409 and 42.
21
What is the highest common divisor of 133992 and 49032?
72
Calculate the highest common factor of 1572486 and 10275.
411
Calculate the greatest common factor of 255590 and 4872970.
4190
What is the highest common divisor of 148 and 785586220?
148
Calculate the highest common divisor of 3312 and 69553104.
1104
Calculate the greatest common factor of 277310 and 1405.
5
Calculate the highest common divisor of 252232024 and 232.
232
Calculate the greatest common factor of 1016 and 4023106.
254
What is the highest common factor of 1 and 10194533?
1
What is the greatest common factor of 1093818 and 891?
33
What is the highest common factor of 3431181 and 1573?
13
What is the highest common factor of 65739765 and 2833?
2833
What is the greatest common factor of 489666450 and 7350?
1050
What is the highest common divisor of 6293788 and 23484?
76
Calculate the greatest common divisor of 707 and 3546298.
7
What is the highest common divisor of 167 and 156653348?
167
What is the highest common factor of 220 and 2313267?
11
What is the highest common factor of 442 and 67300467?
221
Calculate the highest common factor of 25 and 19010275.
25
Calculate the greatest common factor of 19008 and 4972384.
32
Calculate the highest common divisor of 50127 and 73029.
33
Calculate the highest common divisor of 5977898 and 2.
2
What is the greatest common factor of 105631 and 4834427?
1447
Calculate the greatest common divisor of 128022436 and 62.
62
Calculate the greatest common factor of 8460640 and 60.
20
Calculate the highest common divisor of 67072 and 296584.
1048
Calculate the highest common divisor of 1791 and 222808559.
199
Calculate the highest common divisor of 1600184 and 16184.
8
What is the greatest common divisor of 115677 and 16407?
9
What is the greatest common factor of 3227 and 184058399?
3227
What is the highest common divisor of 924 and 4327106?
14
What is the highest common divisor of 8032 and 1522566?
502
What is the highest common factor of 28674 and 94779?
9
What is the greatest common factor of 47298710 and 580?
290
Calculate the highest common factor of 5053 and 1389901.
163
Calculate the greatest common factor of 470496 and 260478.
174
What is the greatest common factor of 83162365 and 33?
11
Calculate the greatest common divisor of 2302 and 393968884.
2302
What is the highest common divisor of 6015260 and 69680?
1340
What is the greatest common divisor of 42893 and 24308?
59
What is the greatest common factor of 939228069 and 23?
23
What is the highest common factor of 59421178 and 2272?
142
What is the highest common factor of 69626076 and 260?
52
What is the highest common factor of 10472109 and 6?
3
Calculate the highest common divisor of 19 and 12848807.
19
Calculate the highest common factor of 248632600 and 1000.
200
What is the greatest common factor of 82 and 62946890?
82
Calculate the greatest common divisor of 337843 and 1309.
11
Wh